3 is divided by 118?
107
Calculate the remainder when 1820 is divided by 330.
170
Calculate the remainder when 1061305 is divided by 33.
25
What is the remainder when 42152 is divided by 27?
5
What is the remainder when 4963 is divided by 18?
13
What is the remainder when 7711 is divided by 67?
6
What is the remainder when 200418 is divided by 8345?
138
Calculate the remainder when 1495492 is divided by 462.
460
Calculate the remainder when 501565 is divided by 72.
13
What is the remainder when 11751 is divided by 324?
87
What is the remainder when 118472 is divided by 74?
72
Calculate the remainder when 14972 is divided by 26.
22
Calculate the remainder when 2919 is divided by 2832.
87
What is the remainder when 170035 is divided by 253?
19
Calculate the remainder when 23099 is divided by 1.
0
What is the remainder when 93806 is divided by 13?
11
Calculate the remainder when 26225 is divided by 97.
35
What is the remainder when 29644 is divided by 49?
48
What is the remainder when 2062 is divided by 23?
15
Calculate the remainder when 200944 is divided by 25.
19
What is the remainder when 3142 is divided by 13?
9
What is the remainder when 3193 is divided by 611?
138
Calculate the remainder when 2680 is divided by 2634.
46
What is the remainder when 2466 is divided by 1224?
18
What is the remainder when 52814 is divided by 17583?
65
What is the remainder when 9144 is divided by 819?
135
What is the remainder when 1134008 is divided by 15?
8
What is the remainder when 1610 is divided by 71?
48
What is the remainder when 737 is divided by 233?
38
What is the remainder when 558104 is divided by 435?
434
What is the remainder when 2597 is divided by 462?
287
Calculate the remainder when 242406 is divided by 42.
24
What is the remainder when 50278 is divided by 446?
326
What is the remainder when 18594 is divided by 15?
9
What is the remainder when 1596 is divided by 279?
201
Calculate the remainder when 2201465 is divided by 678.
677
What is the remainder when 45119 is divided by 240?
239
Calculate the remainder when 166962 is divided by 166961.
1
Calculate the remainder when 16097 is divided by 4012.
49
What is the remainder when 26874 is divided by 318?
162
Calculate the remainder when 9990 is divided by 132.
90
What is the remainder when 179709 is divided by 98?
75
Calculate the remainder when 6093 is divided by 170.
143
Calculate the remainder when 4454 is divided by 86.
68
What is the remainder when 174197 is divided by 17?
15
What is the remainder when 3926 is divided by 941?
162
What is the remainder when 7377 is divided by 1228?
9
What is the remainder when 18419 is divided by 7?
2
Calculate the remainder when 692839 is divided by 471.
469
What is the remainder when 2512345 is divided by 1237?
1235
What is the remainder when 597590 is divided by 96?
86
What is the remainder when 5136 is divided by 20?
16
What is the remainder when 5006 is divided by 1244?
30
Calculate the remainder when 1214 is divided by 25.
14
What is the remainder when 3182 is divided by 789?
26
What is the remainder when 557 is divided by 136?
13
What is the remainder when 134007 is divided by 44664?
15
Calculate the remainder when 578 is divided by 93.
20
Calculate the remainder when 1144 is divided by 11.
0
Calculate the remainder when 411838 is divided by 132.
130
Calculate the remainder when 302885 is divided by 176.
165
Calculate the remainder when 230777 is divided by 230770.
7
Calculate the remainder when 1082 is divided by 61.
45
Calculate the remainder when 111757 is divided by 41.
32
Calculate the remainder when 91691 is divided by 521.
516
What is the remainder when 2904 is divided by 29?
4
Calculate the remainder when 3075324 is divided by 8.
4
Calculate the remainder when 5725 is divided by 818.
817
Calculate the remainder when 2319 is divided by 110.
9
Calculate the remainder when 1456 is divided by 1423.
33
Calculate the remainder when 97829 is divided by 271.
269
What is the remainder when 34171 is divided by 12?
7
Calculate the remainder when 29654 is divided by 401.
381
What is the remainder when 124202 is divided by 1446?
1292
Calculate the remainder when 4889 is divided by 361.
196
Calculate the remainder when 8821 is divided by 33.
10
What is the remainder when 9283 is divided by 1059?
811
Calculate the remainder when 205147 is divided by 34191.
1
Calculate the remainder when 3078 is divided by 110.
108
Calculate the remainder when 7989 is divided by 265.
39
What is the remainder when 29322 is divided by 36?
18
What is the remainder when 39156 is divided by 1143?
294
What is the remainder when 16915 is divided by 1281?
262
What is the remainder when 217142 is divided by 54282?
14
What is the remainder when 4190 is divided by 1040?
30
Calculate the remainder when 1325 is divided by 329.
9
Calculate the remainder when 194537 is divided by 586.
571
What is the remainder when 9986 is divided by 385?
361
What is the remainder when 553759 is divided by 10858?
1
What is the remainder when 644901 is divided by 104?
101
Calculate the remainder when 44581 is divided by 501.
493
What is the remainder when 2169 is divided by 604?
357
Calculate the remainder when 31892 is divided by 7972.
4
Calculate the remainder when 65550 is divided by 163.
24
Calculate the remainder when 537 is divided by 490.
47
What is the remainder when 236900 is divided by 10768?
4
Calculate the remainder when 183041 is divided by 1794.
53
What is the remainder when 873706 is divided by 22?
20
What is the remainder when 11470 is divided by 16?
14
What is the remainder when 56312 is divided by 31?
16
What is the remainder when 16203 is divided by 411?
174
What is the remainder when 28357 is divided by 4724?
13
Calculate the remainder when 59142 is divided by 62.
56
What is the remainder when 178618 is divided by 16228?
110
What is the remainder when 1989411 is divided by 798?
795
Calculate the remainder when 168817 is divided by 42.
19
Calculate the remainder when 1007 is divided by 332.
11
What is the remainder when 703423 is divided by 578?
575
Calculate the remainder when 19128 is divided by 4630.
608
What is the remainder when 16631 is divided by 99?
98
Calculate the remainder when 2737 is divided by 389.
14
Calculate the remainder when 12862 is divided by 1064.
94
What is the remainder when 74633 is divided by 1436?
1397
Calculate the remainder when 497568 is divided by 176.
16
Calculate the remainder when 237369 is divided by 92.
9
Calculate the remainder when 1333 is divided by 397.
142
What is the remainder when 14832 is divided by 7412?
8
Calculate the remainder when 36712 is divided by 5244.
4
Calculate the remainder when 2731 is divided by 125.
106
Calculate the remainder when 254095 is divided by 350.
345
What is the remainder when 35893 is divided by 35884?
9
What is the remainder when 14599 is divided by 636?
607
What is the remainder when 8386 is divided by 4172?
42
Calculate the remainder when 13170 is divided by 249.
222
Calculate the remainder when 5700 is divided by 1576.
972
What is the remainder when 969 is divided by 721?
248
Calculate the remainder when 808 is divided by 75.
58
Calculate the remainder when 48809 is divided by 7.
5
Calculate the remainder when 2085 is divided by 773.
539
Calculate the remainder when 1316 is divided by 648.
20
What is the remainder when 71811 is divided by 56?
19
What is the remainder when 7268 is divided by 651?
107
Calculate the remainder when 3598 is divided by 613.
533
What is the remainder when 11567 is divided by 71?
65
Calculate the remainder when 2413 is divided by 2351.
62
What is the remainder when 13014 is divided by 860?
114
What is the remainder when 16755 is divided by 20?
15
What is the remainder when 36310 is divided by 408?
406
Calculate the remainder when 1121 is divided by 307.
200
Calculate the remainder when 9652 is divided by 4814.
24
Calculate the remainder when 48784 is divided by 471.
271
What is the remainder when 10673 is divided by 2130?
23
Calculate the remainder when 15510 is divided by 4940.
690
Calculate the remainder when 10739 is divided by 34.
29
What is the remainder when 27137 is divided by 18?
11
What is the remainder when 115160 is divided by 29?
1
Calculate the remainder when 21662 is div